{"id":3933,"date":"2025-11-01T14:26:22","date_gmt":"2025-11-01T14:26:22","guid":{"rendered":"https:\/\/cpsantonio.pt\/front\/?page_id=3933"},"modified":"2025-11-01T17:34:00","modified_gmt":"2025-11-01T17:34:00","slug":"proinfancia","status":"publish","type":"page","link":"https:\/\/cpsantonio.pt\/front\/proinfancia\/","title":{"rendered":"Programa Proinf\u00e2ncia"},"content":{"rendered":"[vc_row type=&#8221;in_container&#8221; full_screen_row_position=&#8221;middle&#8221; scene_position=&#8221;center&#8221; text_color=&#8221;dark&#8221; text_align=&#8221;left&#8221; overlay_strength=&#8221;0.3&#8243;][vc_column column_padding=&#8221;no-extra-padding&#8221; column_padding_position=&#8221;all&#8221; background_color_opacity=&#8221;1&#8243; background_hover_color_opacity=&#8221;1&#8243; column_shadow=&#8221;none&#8221; width=&#8221;1\/1&#8243; tablet_text_alignment=&#8221;default&#8221; phone_text_alignment=&#8221;default&#8221; column_border_width=&#8221;none&#8221; column_border_style=&#8221;solid&#8221;][vc_column_text]\n<h1>Programa Proinf\u00e2ncia<\/h1>\n<div class=\"elementor-element elementor-element-0fea123 elementor-widget elementor-widget-text-editor\" data-id=\"0fea123\" data-element_type=\"widget\" data-widget_type=\"text-editor.default\">\n<div class=\"elementor-widget-container\">\n<p>&nbsp;<\/p>\n<p>O Programa Proinf\u00e2ncia foi inicialmente lan\u00e7ado em 2007, em Espanha, pela Funda\u00e7\u00e3o \u201dla Caixa\u201d perante a necessidade de \u201c resposta ao desafio de melhorar as oportunidades e a inclus\u00e3o das crian\u00e7as ou jovens afetados pela pobreza, em clara sintonia com o objetivo de combater a pobreza e a exclus\u00e3o social, estabelecido nos programas-quadro da Uni\u00e3o Europeia e dos seus Estados-membros\u201d (in Modelo de A\u00e7\u00e3o Social, Acreditamos no seu futuro, Proinf\u00e2ncia, Funda\u00e7\u00e3o\u00a0 \u201claCaixa\u201d ).<\/p>\n<p>Entre 2007- 2010 apoiou \u201c\u2026154 328 crian\u00e7as e 88 722 fam\u00edlias, construindo uma rede de apoio formada por mais de 350 entidades sociais e 11 \u00f3rg\u00e3os da Administra\u00e7\u00e3o P\u00fablica espanhola, nas Ilhas Baleares e nas prov\u00edncias de Barcelona, Bilbau, Gr\u00e3Can\u00e1ria, Madrid, M\u00e1laga, M\u00farcia, Sevilha, Tenerife, Val\u00eancia e Sarago\u00e7a\u201d (in, Guia de Apoio Psicoterap\u00eautico, Proinf\u00e2ncia, Funda\u00e7\u00e3o \u201claCaixa\u201d).<\/p>\n<p>Em 2020 come\u00e7ou a ser implementado e disseminado em Portugal Continental atrav\u00e9s da constitui\u00e7\u00e3o de v\u00e1rias redes territoriais, tendo chegado ao Arquip\u00e9lago dos A\u00e7ores, ilha de S. Miguel, em 2023.<\/p>\n<\/div>\n<\/div>\n<div class=\"elementor-element elementor-element-787cf2c elementor-widget elementor-widget-heading\" data-id=\"787cf2c\" data-element_type=\"widget\" data-widget_type=\"heading.default\">\n<div class=\"elementor-widget-container\">\n<h3 class=\"elementor-heading-title elementor-size-default\">Em que consiste<\/h3>\n<\/div>\n<\/div>\n<div class=\"elementor-element elementor-element-556d0e2 elementor-widget elementor-widget-text-editor\" data-id=\"556d0e2\" data-element_type=\"widget\" data-widget_type=\"text-editor.default\">\n<div class=\"elementor-widget-container\">\n<p>Este \u00e9 um programa especialmente desenhado para fam\u00edlias, com menores de idade (entre os 0 e os 18 anos de idade) em situa\u00e7\u00e3o de vulnerabilidade socioecon\u00f3mica, tendo como principal objetivo quebrar o ciclo heredit\u00e1rio da pobreza, atrav\u00e9s de um conjunto alargado de a\u00e7\u00f5es, sustentadas cientificamente e de car\u00e1cter metodol\u00f3gico diversificadas, abrangentes e de longa dura\u00e7\u00e3o.<\/p>\n<\/div>\n<div class=\"elementor-element elementor-element-787cf2c elementor-widget elementor-widget-heading\" data-id=\"787cf2c\" data-element_type=\"widget\" data-widget_type=\"heading.default\">\n<div class=\"elementor-widget-container\">\n<h3><\/h3>\n<h3 class=\"elementor-heading-title elementor-size-default\">Tipos de apoio<\/h3>\n<\/div>\n<\/div>\n<div class=\"elementor-element elementor-element-556d0e2 elementor-widget elementor-widget-text-editor\" data-id=\"556d0e2\" data-element_type=\"widget\" data-widget_type=\"text-editor.default\">\n<div class=\"elementor-widget-container\">\n<div class=\"elementor-element elementor-element-3f8929c e-con-full e-transform e-flex e-con e-child\" data-id=\"3f8929c\" data-element_type=\"container\" data-settings=\"{&quot;background_background&quot;:&quot;classic&quot;,&quot;_transform_translateY_effect&quot;:{&quot;unit&quot;:&quot;px&quot;,&quot;size&quot;:30,&quot;sizes&quot;:[]},&quot;_transform_translateX_effect&quot;:{&quot;unit&quot;:&quot;px&quot;,&quot;size&quot;:&quot;&quot;,&quot;sizes&quot;:[]},&quot;_transform_translateX_effect_tablet&quot;:{&quot;unit&quot;:&quot;px&quot;,&quot;size&quot;:&quot;&quot;,&quot;sizes&quot;:[]},&quot;_transform_translateX_effect_mobile&quot;:{&quot;unit&quot;:&quot;px&quot;,&quot;size&quot;:&quot;&quot;,&quot;sizes&quot;:[]},&quot;_transform_translateY_effect_tablet&quot;:{&quot;unit&quot;:&quot;px&quot;,&quot;size&quot;:&quot;&quot;,&quot;sizes&quot;:[]},&quot;_transform_translateY_effect_mobile&quot;:{&quot;unit&quot;:&quot;px&quot;,&quot;size&quot;:&quot;&quot;,&quot;sizes&quot;:[]}}\">\n<div class=\"elementor-element elementor-element-22165db elementor-widget elementor-widget-heading\" data-id=\"22165db\" data-element_type=\"widget\" data-widget_type=\"heading.default\">\n<div class=\"elementor-widget-container\">\n<h4 class=\"elementor-heading-title elementor-size-default\">Carteira de Servi\u00e7os:<\/h4>\n<\/div>\n<\/div>\n<div class=\"elementor-element elementor-element-194215c elementor-widget elementor-widget-text-editor\" data-id=\"194215c\" data-element_type=\"widget\" data-widget_type=\"text-editor.default\">\n<div class=\"elementor-widget-container\">\n<ul>\n<li>Apoio Psicoterap\u00eautico<\/li>\n<li>Refor\u00e7o Educativo<\/li>\n<li>Lazer e Tempos Livres<\/li>\n<li>Apoio Educativo Familiar<\/li>\n<\/ul>\n<\/div>\n<\/div>\n<\/div>\n<div class=\"elementor-element elementor-element-4ab5aed e-con-full e-transform e-flex e-con e-child\" data-id=\"4ab5aed\" data-element_type=\"container\" data-settings=\"{&quot;background_background&quot;:&quot;classic&quot;,&quot;_transform_translateY_effect&quot;:{&quot;unit&quot;:&quot;px&quot;,&quot;size&quot;:30,&quot;sizes&quot;:[]},&quot;_transform_translateX_effect&quot;:{&quot;unit&quot;:&quot;px&quot;,&quot;size&quot;:&quot;&quot;,&quot;sizes&quot;:[]},&quot;_transform_translateX_effect_tablet&quot;:{&quot;unit&quot;:&quot;px&quot;,&quot;size&quot;:&quot;&quot;,&quot;sizes&quot;:[]},&quot;_transform_translateX_effect_mobile&quot;:{&quot;unit&quot;:&quot;px&quot;,&quot;size&quot;:&quot;&quot;,&quot;sizes&quot;:[]},&quot;_transform_translateY_effect_tablet&quot;:{&quot;unit&quot;:&quot;px&quot;,&quot;size&quot;:&quot;&quot;,&quot;sizes&quot;:[]},&quot;_transform_translateY_effect_mobile&quot;:{&quot;unit&quot;:&quot;px&quot;,&quot;size&quot;:&quot;&quot;,&quot;sizes&quot;:[]}}\">\n<div class=\"elementor-element elementor-element-5a529c8 elementor-widget elementor-widget-heading\" data-id=\"5a529c8\" data-element_type=\"widget\" data-widget_type=\"heading.default\">\n<div class=\"elementor-widget-container\">\n<h4 class=\"elementor-heading-title elementor-size-default\">Carteira de Bens:<\/h4>\n<\/div>\n<\/div>\n<div class=\"elementor-element elementor-element-7db0200 elementor-widget elementor-widget-text-editor\" data-id=\"7db0200\" data-element_type=\"widget\" data-widget_type=\"text-editor.default\">\n<div class=\"elementor-widget-container\">\n<ul>\n<li>Aquisi\u00e7\u00e3o de \u00f3culos e aparelhos auditivos<\/li>\n<li>Alimenta\u00e7\u00e3o<\/li>\n<li>Higiene infantil<\/li>\n<li>Equipamento escolar<\/li>\n<\/ul>\n<\/div>\n<\/div>\n<\/div>\n<\/div>\n<\/div>\n<div class=\"elementor-element elementor-element-2ed9e99 e-flex e-con-boxed e-con e-parent e-lazyloaded\" data-id=\"2ed9e99\" data-element_type=\"container\">\n<div class=\"e-con-inner\">\n<div class=\"elementor-element elementor-element-63d8d0f elementor-widget elementor-widget-heading\" data-id=\"63d8d0f\" data-element_type=\"widget\" data-widget_type=\"heading.default\">\n<div class=\"elementor-widget-container\">\n<h3 class=\"elementor-heading-title elementor-size-default\">_<\/h3>\n<h3 class=\"elementor-heading-title elementor-size-default\">\u00c1rea Geogr\u00e1fica de interven\u00e7\u00e3o da rede Proinf\u00e2ncia &#8211; A\u00e7ores<\/h3>\n<\/div>\n<\/div>\n<div class=\"elementor-element elementor-element-21d348e elementor-widget__width-initial elementor-widget elementor-widget-text-editor\" data-id=\"21d348e\" data-element_type=\"widget\" data-widget_type=\"text-editor.default\">\n<div class=\"elementor-widget-container\">\n<p>O \u00e2mbito geogr\u00e1fico de atua\u00e7\u00e3o do Proinf\u00e2ncia, na ilha de S. Miguel, decorre no extremo noroeste do concelho de Ponta Delgada, compreendendo as freguesias de Capelas, Santo Ant\u00f3nio e Ajuda da Bretanha, atrav\u00e9s de uma rede de interven\u00e7\u00e3o de base territorial e comunit\u00e1ria.<\/p>\n<\/div>\n<\/div>\n<\/div>\n<\/div>\n<div class=\"elementor-element elementor-element-aa3910b e-flex e-con-boxed e-con e-parent e-lazyloaded\" data-id=\"aa3910b\" data-element_type=\"container\">\n<div class=\"e-con-inner\">\n<div class=\"elementor-element elementor-element-ac7d466 elementor-widget elementor-widget-heading\" data-id=\"ac7d466\" data-element_type=\"widget\" data-widget_type=\"heading.default\">\n<div class=\"elementor-widget-container\">\n<h3 class=\"elementor-heading-title elementor-size-default\">_<\/h3>\n<h3 class=\"elementor-heading-title elementor-size-default\">Rede de Interven\u00e7\u00e3o<\/h3>\n<\/div>\n<\/div>\n<div class=\"elementor-element elementor-element-9ef4693 elementor-widget__width-initial elementor-widget elementor-widget-text-editor\" data-id=\"9ef4693\" data-element_type=\"widget\" data-widget_type=\"text-editor.default\">\n<div class=\"elementor-widget-container\">\n<p>A APPJ assume a fun\u00e7\u00e3o de Entidade Coordenadora, prestando ainda outros servi\u00e7os em conjunto com a restante Rede Proinf\u00e2ncia \u2013 A\u00e7ores, a qual se estrutura e organiza funcionalmente em\u00a0<strong>Mesas T\u00e9cnicas e Mesas Institucionais. <\/strong>No ano letivo\u00a0 2023\/2024 foram abrangidas 35 fam\u00edlias.<\/p>\n<\/div>\n<h3><\/h3>\n<h3 style=\"text-align: center;\">_<\/h3>\n<h3 class=\"elementor-heading-title elementor-size-default\" style=\"text-align: center;\">Quem faz acontecer<\/h3>\n<p style=\"text-align: center;\">_<\/p>\n<\/div>\n<\/div>\n<\/div>\n<\/div>\n<p><img loading=\"lazy\" class=\"alignnone size-large wp-image-3943\" src=\"http:\/\/cpsantonio.pt\/front\/wp-content\/uploads\/2025\/11\/Prancheta-2@2x-1024x107.png\" alt=\"\" width=\"1024\" height=\"107\" srcset=\"https:\/\/cpsantonio.pt\/front\/wp-content\/uploads\/2025\/11\/Prancheta-2@2x-1024x107.png 1024w, https:\/\/cpsantonio.pt\/front\/wp-content\/uploads\/2025\/11\/Prancheta-2@2x-300x31.png 300w, https:\/\/cpsantonio.pt\/front\/wp-content\/uploads\/2025\/11\/Prancheta-2@2x-768x81.png 768w, https:\/\/cpsantonio.pt\/front\/wp-content\/uploads\/2025\/11\/Prancheta-2@2x-1536x161.png 1536w, https:\/\/cpsantonio.pt\/front\/wp-content\/uploads\/2025\/11\/Prancheta-2@2x-2048x215.png 2048w\" sizes=\"(max-width: 1024px) 100vw, 1024px\" \/>[\/vc_column_text][\/vc_column][\/vc_row]\n","protected":false},"excerpt":{"rendered":"<p>[vc_row type=&#8221;in_container&#8221; full_screen_row_position=&#8221;middle&#8221; scene_position=&#8221;center&#8221; text_color=&#8221;dark&#8221; text_align=&#8221;left&#8221; overlay_strength=&#8221;0.3&#8243;][vc_column column_padding=&#8221;no-extra-padding&#8221; column_padding_position=&#8221;all&#8221; background_color_opacity=&#8221;1&#8243; background_hover_color_opacity=&#8221;1&#8243; column_shadow=&#8221;none&#8221; width=&#8221;1\/1&#8243; tablet_text_alignment=&#8221;default&#8221; phone_text_alignment=&#8221;default&#8221; column_border_width=&#8221;none&#8221; column_border_style=&#8221;solid&#8221;][vc_column_text] Programa Proinf\u00e2ncia &nbsp; O Programa Proinf\u00e2ncia foi inicialmente lan\u00e7ado em 2007, em Espanha,&#8230;<\/p>\n","protected":false},"author":2,"featured_media":0,"parent":0,"menu_order":0,"comment_status":"closed","ping_status":"closed","template":"","meta":[],"_links":{"self":[{"href":"https:\/\/cpsantonio.pt\/front\/wp-json\/wp\/v2\/pages\/3933"}],"collection":[{"href":"https:\/\/cpsantonio.pt\/front\/wp-json\/wp\/v2\/pages"}],"about":[{"href":"https:\/\/cpsantonio.pt\/front\/wp-json\/wp\/v2\/types\/page"}],"author":[{"embeddable":true,"href":"https:\/\/cpsantonio.pt\/front\/wp-json\/wp\/v2\/users\/2"}],"replies":[{"embeddable":true,"href":"https:\/\/cpsantonio.pt\/front\/wp-json\/wp\/v2\/comments?post=3933"}],"version-history":[{"count":17,"href":"https:\/\/cpsantonio.pt\/front\/wp-json\/wp\/v2\/pages\/3933\/revisions"}],"predecessor-version":[{"id":3972,"href":"https:\/\/cpsantonio.pt\/front\/wp-json\/wp\/v2\/pages\/3933\/revisions\/3972"}],"wp:attachment":[{"href":"https:\/\/cpsantonio.pt\/front\/wp-json\/wp\/v2\/media?parent=3933"}],"curies":[{"name":"wp","href":"https:\/\/api.w.org\/{rel}","templated":true}]}}

Programa Proinfância

[vc_row type=&#8221;in_container&#8221; full_screen_row_position=&#8221;middle&#8221; scene_position=&#8221;center&#8221; text_color=&#8221;dark&#8221; text_align=&#8221;left&#8221; overlay_strength=&#8221;0.3&#8243;][vc_column column_padding=&#8221;no-extra-padding&#8221; column_padding_position=&#8221;all&#8221; background_color_opacity=&#8221;1&#8243; background_hover_color_opacity=&#8221;1&#8243; column_shadow=&#8221;none&#8221; width=&#8221;1/1&#8243; tablet_text_alignment=&#8221;default&#8221; phone_text_alignment=&#8221;default&#8221; column_border_width=&#8221;none&#8221; column_border_style=&#8221;solid&#8221;][vc_column_text]
<h1>Programa Proinfância</h1>
<div class="elementor-element elementor-element-0fea123 elementor-widget elementor-widget-text-editor" data-id="0fea123" data-element_type="widget" data-widget_type="text-editor.default">
<div class="elementor-widget-container">
<p>&nbsp;</p>
<p>O Programa Proinfância foi inicialmente lançado em 2007, em Espanha, pela Fundação ”la Caixa” perante a necessidade de “ resposta ao desafio de melhorar as oportunidades e a inclusão das crianças ou jovens afetados pela pobreza, em clara sintonia com o objetivo de combater a pobreza e a exclusão social, estabelecido nos programas-quadro da União Europeia e dos seus Estados-membros” (in Modelo de Ação Social, Acreditamos no seu futuro, Proinfância, Fundação  “laCaixa” ).</p>
<p>Entre 2007- 2010 apoiou “…154 328 crianças e 88 722 famílias, construindo uma rede de apoio formada por mais de 350 entidades sociais e 11 órgãos da Administração Pública espanhola, nas Ilhas Baleares e nas províncias de Barcelona, Bilbau, GrãCanária, Madrid, Málaga, Múrcia, Sevilha, Tenerife, Valência e Saragoça” (in, Guia de Apoio Psicoterapêutico, Proinfância, Fundação “laCaixa”).</p>
<p>Em 2020 começou a ser implementado e disseminado em Portugal Continental através da constituição de várias redes territoriais, tendo chegado ao Arquipélago dos Açores, ilha de S. Miguel, em 2023.</p>
</div>
</div>
<div class="elementor-element elementor-element-787cf2c elementor-widget elementor-widget-heading" data-id="787cf2c" data-element_type="widget" data-widget_type="heading.default">
<div class="elementor-widget-container">
<h3 class="elementor-heading-title elementor-size-default">Em que consiste</h3>
</div>
</div>
<div class="elementor-element elementor-element-556d0e2 elementor-widget elementor-widget-text-editor" data-id="556d0e2" data-element_type="widget" data-widget_type="text-editor.default">
<div class="elementor-widget-container">
<p>Este é um programa especialmente desenhado para famílias, com menores de idade (entre os 0 e os 18 anos de idade) em situação de vulnerabilidade socioeconómica, tendo como principal objetivo quebrar o ciclo hereditário da pobreza, através de um conjunto alargado de ações, sustentadas cientificamente e de carácter metodológico diversificadas, abrangentes e de longa duração.</p>
</div>
<div class="elementor-element elementor-element-787cf2c elementor-widget elementor-widget-heading" data-id="787cf2c" data-element_type="widget" data-widget_type="heading.default">
<div class="elementor-widget-container">
<h3></h3>
<h3 class="elementor-heading-title elementor-size-default">Tipos de apoio</h3>
</div>
</div>
<div class="elementor-element elementor-element-556d0e2 elementor-widget elementor-widget-text-editor" data-id="556d0e2" data-element_type="widget" data-widget_type="text-editor.default">
<div class="elementor-widget-container">
<div class="elementor-element elementor-element-3f8929c e-con-full e-transform e-flex e-con e-child" data-id="3f8929c" data-element_type="container" data-settings="{&quot;background_background&quot;:&quot;classic&quot;,&quot;_transform_translateY_effect&quot;:{&quot;unit&quot;:&quot;px&quot;,&quot;size&quot;:30,&quot;sizes&quot;:[]},&quot;_transform_translateX_effect&quot;:{&quot;unit&quot;:&quot;px&quot;,&quot;size&quot;:&quot;&quot;,&quot;sizes&quot;:[]},&quot;_transform_translateX_effect_tablet&quot;:{&quot;unit&quot;:&quot;px&quot;,&quot;size&quot;:&quot;&quot;,&quot;sizes&quot;:[]},&quot;_transform_translateX_effect_mobile&quot;:{&quot;unit&quot;:&quot;px&quot;,&quot;size&quot;:&quot;&quot;,&quot;sizes&quot;:[]},&quot;_transform_translateY_effect_tablet&quot;:{&quot;unit&quot;:&quot;px&quot;,&quot;size&quot;:&quot;&quot;,&quot;sizes&quot;:[]},&quot;_transform_translateY_effect_mobile&quot;:{&quot;unit&quot;:&quot;px&quot;,&quot;size&quot;:&quot;&quot;,&quot;sizes&quot;:[]}}">
<div class="elementor-element elementor-element-22165db elementor-widget elementor-widget-heading" data-id="22165db" data-element_type="widget" data-widget_type="heading.default">
<div class="elementor-widget-container">
<h4 class="elementor-heading-title elementor-size-default">Carteira de Serviços:</h4>
</div>
</div>
<div class="elementor-element elementor-element-194215c elementor-widget elementor-widget-text-editor" data-id="194215c" data-element_type="widget" data-widget_type="text-editor.default">
<div class="elementor-widget-container">
<ul>
<li>Apoio Psicoterapêutico</li>
<li>Reforço Educativo</li>
<li>Lazer e Tempos Livres</li>
<li>Apoio Educativo Familiar</li>
</ul>
</div>
</div>
</div>
<div class="elementor-element elementor-element-4ab5aed e-con-full e-transform e-flex e-con e-child" data-id="4ab5aed" data-element_type="container" data-settings="{&quot;background_background&quot;:&quot;classic&quot;,&quot;_transform_translateY_effect&quot;:{&quot;unit&quot;:&quot;px&quot;,&quot;size&quot;:30,&quot;sizes&quot;:[]},&quot;_transform_translateX_effect&quot;:{&quot;unit&quot;:&quot;px&quot;,&quot;size&quot;:&quot;&quot;,&quot;sizes&quot;:[]},&quot;_transform_translateX_effect_tablet&quot;:{&quot;unit&quot;:&quot;px&quot;,&quot;size&quot;:&quot;&quot;,&quot;sizes&quot;:[]},&quot;_transform_translateX_effect_mobile&quot;:{&quot;unit&quot;:&quot;px&quot;,&quot;size&quot;:&quot;&quot;,&quot;sizes&quot;:[]},&quot;_transform_translateY_effect_tablet&quot;:{&quot;unit&quot;:&quot;px&quot;,&quot;size&quot;:&quot;&quot;,&quot;sizes&quot;:[]},&quot;_transform_translateY_effect_mobile&quot;:{&quot;unit&quot;:&quot;px&quot;,&quot;size&quot;:&quot;&quot;,&quot;sizes&quot;:[]}}">
<div class="elementor-element elementor-element-5a529c8 elementor-widget elementor-widget-heading" data-id="5a529c8" data-element_type="widget" data-widget_type="heading.default">
<div class="elementor-widget-container">
<h4 class="elementor-heading-title elementor-size-default">Carteira de Bens:</h4>
</div>
</div>
<div class="elementor-element elementor-element-7db0200 elementor-widget elementor-widget-text-editor" data-id="7db0200" data-element_type="widget" data-widget_type="text-editor.default">
<div class="elementor-widget-container">
<ul>
<li>Aquisição de óculos e aparelhos auditivos</li>
<li>Alimentação</li>
<li>Higiene infantil</li>
<li>Equipamento escolar</li>
</ul>
</div>
</div>
</div>
</div>
</div>
<div class="elementor-element elementor-element-2ed9e99 e-flex e-con-boxed e-con e-parent e-lazyloaded" data-id="2ed9e99" data-element_type="container">
<div class="e-con-inner">
<div class="elementor-element elementor-element-63d8d0f elementor-widget elementor-widget-heading" data-id="63d8d0f" data-element_type="widget" data-widget_type="heading.default">
<div class="elementor-widget-container">
<h3 class="elementor-heading-title elementor-size-default">_</h3>
<h3 class="elementor-heading-title elementor-size-default">Área Geográfica de intervenção da rede Proinfância &#8211; Açores</h3>
</div>
</div>
<div class="elementor-element elementor-element-21d348e elementor-widget__width-initial elementor-widget elementor-widget-text-editor" data-id="21d348e" data-element_type="widget" data-widget_type="text-editor.default">
<div class="elementor-widget-container">
<p>O âmbito geográfico de atuação do Proinfância, na ilha de S. Miguel, decorre no extremo noroeste do concelho de Ponta Delgada, compreendendo as freguesias de Capelas, Santo António e Ajuda da Bretanha, através de uma rede de intervenção de base territorial e comunitária.</p>
</div>
</div>
</div>
</div>
<div class="elementor-element elementor-element-aa3910b e-flex e-con-boxed e-con e-parent e-lazyloaded" data-id="aa3910b" data-element_type="container">
<div class="e-con-inner">
<div class="elementor-element elementor-element-ac7d466 elementor-widget elementor-widget-heading" data-id="ac7d466" data-element_type="widget" data-widget_type="heading.default">
<div class="elementor-widget-container">
<h3 class="elementor-heading-title elementor-size-default">_</h3>
<h3 class="elementor-heading-title elementor-size-default">Rede de Intervenção</h3>
</div>
</div>
<div class="elementor-element elementor-element-9ef4693 elementor-widget__width-initial elementor-widget elementor-widget-text-editor" data-id="9ef4693" data-element_type="widget" data-widget_type="text-editor.default">
<div class="elementor-widget-container">
<p>A APPJ assume a função de Entidade Coordenadora, prestando ainda outros serviços em conjunto com a restante Rede Proinfância – Açores, a qual se estrutura e organiza funcionalmente em <strong>Mesas Técnicas e Mesas Institucionais. </strong>No ano letivo  2023/2024 foram abrangidas 35 famílias.</p>
</div>
<h3></h3>
<h3 style="text-align: center;">_</h3>
<h3 class="elementor-heading-title elementor-size-default" style="text-align: center;">Quem faz acontecer</h3>
<p style="text-align: center;">_</p>
</div>
</div>
</div>
</div>
<p><img loading="lazy" class="alignnone size-large wp-image-3943" src="http://cpsantonio.pt/front/wp-content/uploads/2025/11/Prancheta-2@2x-1024x107.png" alt="" width="1024" height="107" srcset="https://cpsantonio.pt/front/wp-content/uploads/2025/11/Prancheta-2@2x-1024x107.png 1024w, https://cpsantonio.pt/front/wp-content/uploads/2025/11/Prancheta-2@2x-300x31.png 300w, https://cpsantonio.pt/front/wp-content/uploads/2025/11/Prancheta-2@2x-768x81.png 768w, https://cpsantonio.pt/front/wp-content/uploads/2025/11/Prancheta-2@2x-1536x161.png 1536w, https://cpsantonio.pt/front/wp-content/uploads/2025/11/Prancheta-2@2x-2048x215.png 2048w" sizes="(max-width: 1024px) 100vw, 1024px" />[/vc_column_text][/vc_column][/vc_row]

<p>[vc_row type=&#8221;in_container&#8221; full_screen_row_position=&#8221;middle&#8221; scene_position=&#8221;center&#8221; text_color=&#8221;dark&#8221; text_align=&#8221;left&#8221; overlay_strength=&#8221;0.3&#8243;][vc_column column_padding=&#8221;no-extra-padding&#8221; column_padding_position=&#8221;all&#8221; background_color_opacity=&#8221;1&#8243; background_hover_color_opacity=&#8221;1&#8243; column_shadow=&#8221;none&#8221; width=&#8221;1/1&#8243; tablet_text_alignment=&#8221;default&#8221; phone_text_alignment=&#8221;default&#8221; column_border_width=&#8221;none&#8221; column_border_style=&#8221;solid&#8221;][vc_column_text] Programa Proinfância &nbsp; O Programa Proinfância foi inicialmente lançado em 2007, em Espanha,&#8230;</p>
